4*g - 2*r. What is the tens digit of g?
3
Suppose 46 + 24 = -2*v. Let t = v + 62. What is the tens digit of t?
2
Let g(a) = -a**3 - a**2 + 6*a + 10. What is the units digit of g(-5)?
0
Suppose 0 = -b + 4. Suppose 3*i + t - 15 = -i, 0 = -4*i - 2*t + 14. Suppose b*a + 16 = 4*r, -a + 37 + i = 4*r. What is the units digit of r?
9
Suppose 3*b + 398 = 5*r, 5*r + 0*b + 2*b = 418. What is the tens digit of r?
8
Let r(s) = -2 - 2 - s**3 + 0 - s**3 - 12*s**2 - 3*s. What is the units digit of r(-6)?
4
Let d be ((-12)/9)/((-1)/21). Suppose -5*f + 17 + 13 = 0. Suppose -4*v + d = 5*m, 5*v + f*m - 3*m - 22 = 0. What is the units digit of v?
2
Suppose -a + 29 = -9. Suppose 3*v = -0*v - 4*m - a, 5*m - 5 = 5*v. Let d = v - -13. What is the units digit of d?
7
Suppose -6 = -2*g - 3*u + 8, -3*u = -2*g + 2. What is the units digit of g?
4
Suppose 603 + 61 = 4*u. What is the units digit of u?
6
Let v(p) = p**2 - 2*p - 3. Suppose -3*t + 28 - 1 = 0. Let y be 6/t - 20/(-6). What is the units digit of v(y)?
5
Suppose 3*f + 2*o - 54 = 6*o, 4*o = -3*f + 30. What is the tens digit of f?
1
Let l(j) = -j**3 + 9*j**2 + 6*j - 4. What is the units digit of l(7)?
6
Let n = 5 - 1. Suppose 3*r + 4 = 2*j, 0*r - 2 = -j - 5*r. Suppose j*b + 14 = 3*q - 13, -36 = -n*q - b. What is the units digit of q?
9
Suppose 0 = 2*x - 4, -a - 3*x = -4*a - 12. Let n(r) = 9*r**2 - 3*r - 2. Let m be n(a). Suppose -4*d = d - m. What is the units digit of d?
8
Let x = 212 - -2. What is the units digit of x?
4
Let c(h) = -4*h + 20. What is the tens digit of c(-9)?
5
Let n be 477/36 - (-2)/(-8). Let w(g) = 3*g + 8. What is the tens digit of w(n)?
4
Suppose -285 = -l - a + 3*a, 0 = 5*a - 15. What is the tens digit of l?
9
Let o = 43 + -9. Suppose -3*v + v = -o. What is the units digit of v?
7
Suppose 2*m + m - 51 = 0. Suppose y + 79 = 8*a - 3*a, m = a + y. What is the units digit of a?
6
Let s(u) = 3*u + 10. What is the tens digit of s(8)?
3
Let y be ((-1)/(-3))/(4/60). Suppose 0 = -5*g + y*u + 70, -u + 2*u = -3*g + 26. What is the units digit of g?
0
Suppose 1 + 2 = 3*k. Let x be 0/((-4)/(k*-2)). Suppose 2*v + 7 = 5*z, x*z = -3*z + 2*v + 5. What is the units digit of z?
1
Let g = -784 - -1168. What is the units digit of g?
4
Let o = -10 + 13. Let q = -5 + 14. What is the units digit of (3/q)/(o/9)?
1
Suppose 0*c + 2*c = -14. Let o be 2/(-7) + (-44)/c. What is the units digit of o/15*(15 + 0)?
6
Let j(k) = k**2 - 2*k + 1. Let x be j(2). What is the units digit of 0/2 + x*9?
9
Let m(u) = -2*u**3 + 2*u**2 + 3*u + 4. Let c be 6/(-4) + 1/(-2). What is the tens digit of m(c)?
2
Suppose 2*f + 8 = -l - 2*l, 0 = -4*f + 8. What is the units digit of l/(-6) + 22/3?
8
Let l(u) = u**3 + 7*u**2 - u - 3. Let o be l(-7). Let m = 13 - o. What is the units digit of m?
9
Suppose -96 = -5*f + 64. What is the units digit of f?
2
Let o(x) = 5*x**2 + 3*x - 5. What is the units digit of o(4)?
7
Let w(j) = -3*j - 3. Let r be w(-2). Suppose r*x - 2*x - 10 = 0. What is the units digit of x?
0
Suppose 5*g + 24 = 5*d - 6, -5*d - 10 = 5*g. Let i = g + 9. Suppose -3*k + 8*k = 20, -30 = -y - i*k. What is the units digit of y?
0
Let b = 31 + -19. What is the units digit of 21 - 6/(b/4)?
9
Suppose 0 = 2*g + 5*s - 20, 3*s + 7 = g + 4*s. Suppose -g*d - 34 = -84. What is the units digit of d?
0
Suppose 2 = t + 4*j, -4*j = -5*t + j + 60. What is the units digit of t?
0
Let n(i) = i**2 + 4*i - 8. Let m be n(-8). Suppose -124 + m = -5*h. Let w = -9 + h. What is the units digit of w?
1
Suppose 5*g - 2*k - 191 = 0, -4*k - 70 = -g - g. Suppose 3*n - g = -4*q, 0 = -2*n - 2*q - 0*q + 26. What is the tens digit of n?
1
Suppose 0 = 3*o + 5*k - 11, 0 + 7 = 5*o - 3*k. Let l be 1 + (-1 - o*3). Let w = 3 - l. What is the units digit of w?
9
Let y(x) = -x**2 - 4*x + 2. Suppose 15 = 2*c - 2*o + 5, c - 1 = 5*o. Let u(m) = -m**2 + 6*m - 4. Let g be u(c). What is the units digit of y(g)?
2
Suppose b - 46 - 13 = -4*i, -4*i + 69 = -b. What is the units digit of i?
6
Suppose g - s - 4 = 0, -2*g + s + 1 = -9. Let j = g + 5. What is the units digit of j?
1
Suppose -5*m = -5*f, 0 = 2*f - 7*f + m + 8. Let r be 1/(f/4) + 1. Suppose -r*h - n + 31 = 9, 0 = h + 3*n - 2. What is the units digit of h?
8
Suppose 4 = -2*h + 8. Suppose -2*z - 4*r = 14 - 62, -h*z - r = -39. What is the units digit of z?
8
Let s = 34 - 2. What is the units digit of s?
2
Let y(u) = u**3 - u**2 - 8*u - 5. What is the hundreds digit of y(6)?
1
What is the units digit of ((-4)/10 - (-24)/(-15)) + 56?
4
Let r(o) = 0*o + 2 - 8*o + 3 + 2*o**2. What is the tens digit of r(6)?
2
Let k = -120 + 211. What is the units digit of k?
1
Suppose -8 = -4*a + 2*t, -a + 10 - 26 = -5*t. Suppose -a*j + 5*i = -5 - 12, 13 = 2*j - i. Let b = j - -2. What is the tens digit of b?
1
Let j = 8 - 5. Let t = j - 1. Suppose -2*i - 1 = -3*m, -t = -4*m + 18. What is the units digit of i?
7
Suppose 7*h = 4*h + 75. What is the tens digit of (-1)/5 + 530/h?
2
Let c(q) = -q + 14. Let i be c(10). Let f = 6 - i. Suppose -3*l + 0*l + 1 = 5*a, f*a + 29 = 3*l. What is the units digit of l?
7
Suppose 25 - 414 = -3*u + 2*b, -3*u + b + 388 = 0. What is the units digit of u?
9
Let o = -185 - -314. What is the hundreds digit of o?
1
Let y(k) = -k**3 - 5*k**2 - 13*k - 8. What is the units digit of y(-7)?
1
Suppose -9*q + 5*q + 84 = 0. What is the units digit of q?
1
Let x = 4 + 3. What is the units digit of x?
7
Suppose -896 = -3*x - c, 2*c + 762 = 2*x + 178. What is the hundreds digit of x?
2
Let y = 12 + -7. Suppose -z + 4 = k, -y*k + 3*z + 39 = -21. Let b = 5 + k. What is the units digit of b?
4
Let n(j) be the third derivative of j**5/15 + j**2. What is the units digit of n(-1)?
4
Suppose -3*i = 2*s - 5 - 51, 4*s + 3*i - 118 = 0. What is the units digit of s?
1
Let s(f) = -f**2 + 2*f + 1. Let b = 9 + -6. Let a be s(b). What is the units digit of 6 + (-1)/(-1 - a)?
5
Suppose 9*s - 4*s - 285 = 0. What is the tens digit of s?
5
Let k be 6 + 2*(-3 + 2). Let b(u) = -u**3 + 3*u**2 + 3*u + 4. Let a be b(k). Let y = 4 + a. What is the units digit of y?
4
Suppose -28 = 2*i - 5*b - 8, 0 = 5*i + 5*b - 20. Suppose -2*a = -4*h, a = -i*a - 5*h - 21. What is the units digit of (-3 - 0)/(9/a)?
2
Suppose -3*i + 7*i = 192. What is the units digit of i?
8
Let b be 1 + -4 + (-116)/(-4). Suppose 4*k - b = 18. Suppose 0 = -p + 1 + k. What is the units digit of p?
2
Let d be (-5)/(-25)*0 - 1. Suppose 48 = 4*u - 3*k - 12, -u = 5*k + 8. Let c = u + d. What is the tens digit of c?
1
Let a be -8*4/(-24)*-3. Let h(p) = -p**2 + p + 4. Let n be h(3). What is the units digit of 2*3*n/a?
3
Let v = 305 + -118. What is the units digit of v?
7
Suppose -10*x + 14*x - 260 = 0. Let b = 109 - x. What is the units digit of b?
4
Suppose -2*z = z + 4*p - 3, p = 0. Suppose 0 = -2*a - z - 3. What is the units digit of -2 - 1*(-3 + a)?
3
Let i = -3 + 4. Let x = 0 - i. Let l = 8 + x. What is the units digit of l?
7
Let a = 27 + 147. What is the units digit of a?
4
Let l be ((-3 - -3)/2)/(-2). Suppose f - 9 = -l*f. What is the units digit of f?
9
Let v = -6 - -22. What is the tens digit of v?
1
What is the units digit of (-12)/4 + (24 - -1)?
2
Suppose 5*m = 5*x + 55, 2*x + m + 8 + 5 = 0. Let k = 13 + x. Suppose -c + 7 = 2*z, -c - 2*z + k*z - 8 = 0. What is the units digit of c?
1
Let c(r) = r**3 - 6*r**2 - 3*r + 2. Let p be c(6). Let d = 10 + p. What is the units digit of (-1)/3 - 14/d?
2
Let b(u) = u + 0*u**2 + 3*u**2 - 4*u**2 + 2*u**2 + 1. What is the tens digit of b(-4)?
1
Let w(g) = 3*g**3 - g**2 + g - 1. Let o be w(1). Suppose -o*y + 7 = 5*l, 4*y - 4 + 0 = 0. What is the units digit of l?
1
Let g(c) = -4*c + 5. Let a(d) = d - 1. Let r(h) = 5*a(h) + g(h). Let t be r(-6). Let i = t + 15. What is the units digit of i?
9
Let g be (-2)/(-1)*(-5 - -6). Suppose -i - 2 = -g*i. What is the units digit of 6*(2 - (3 - i))?
6
Let g = 0 - 0. Let t be 5 + 1 + g - 2. Suppose -29 = -3*j - x, -t*x + 4 = 2*j - 12. What is the tens digit of j?
1
Let g be (-7 - -8)*(0 - 0). Let q(o) = -o**2 + o + 7*o + g*o**2 + 3. What is the tens digit of q(7)?
1
Let y(v) = v + 8. Let m be y(-6). Suppose 3*j = m*j + 8. What is the units digit of j?
8
Let q(i) = 11*i - 1. Let z be q(2). Suppose -8 = 2*l - 4*o, -4*l - 66 = -2*o - 20. Let y = z + l. What is the units digit of y?
7
Let p(v) = 7*v - 14. What is th